{"id":56,"date":"2023-10-03T13:48:46","date_gmt":"2023-10-03T11:48:46","guid":{"rendered":"http:\/\/nowa.exeltis.pl\/?page_id=56"},"modified":"2026-04-01T13:41:27","modified_gmt":"2026-04-01T11:41:27","slug":"oun-produkty","status":"publish","type":"page","link":"https:\/\/exeltis.pl\/index.php\/oun-produkty\/","title":{"rendered":"OUN &#8211; Produkty"},"content":{"rendered":"\r\n<h2 class=\"wp-block-heading\">Lynagex XR<\/h2>\r\n<p><img loading=\"lazy\" decoding=\"async\" class=\"alignnone wp-image-432\" src=\"https:\/\/exeltis.pl\/wp-content\/uploads\/2025\/05\/lynagex-1024x640.jpg\" alt=\"\" width=\"600\" height=\"375\" srcset=\"https:\/\/exeltis.pl\/wp-content\/uploads\/2025\/05\/lynagex-1024x640.jpg 1024w, https:\/\/exeltis.pl\/wp-content\/uploads\/2025\/05\/lynagex-300x188.jpg 300w, https:\/\/exeltis.pl\/wp-content\/uploads\/2025\/05\/lynagex-768x480.jpg 768w, https:\/\/exeltis.pl\/wp-content\/uploads\/2025\/05\/lynagex-1536x960.jpg 1536w, https:\/\/exeltis.pl\/wp-content\/uploads\/2025\/05\/lynagex-2048x1280.jpg 2048w, https:\/\/exeltis.pl\/wp-content\/uploads\/2025\/05\/lynagex-570x356.jpg 570w\" sizes=\"auto, (max-width: 600px) 100vw, 600px\" \/><\/p>\r\n<p>Produkt leczniczy Lynagex XR jest\u00a0wskazany w leczeniu b\u00f3lu neuropatycznego pochodzenia obwodowego i o\u015brodkowego u pacjent\u00f3w doros\u0142ych. Dawkowanie Dawka wynosi od 165 mg do 660 mg na dob\u0119, podawana raz na dob\u0119 po wieczornym posi\u0142ku.<\/p>\r\n<p><strong>Materia\u0142y dla lekarza:<\/strong><\/p>\r\n<p><a href=\"https:\/\/rejestry.ezdrowie.gov.pl\/api\/rpl\/medicinal-products\/47248\/characteristic\">Charakterystyka produktu leczniczego<\/a><\/p>\r\n<p><strong>Materia\u0142y dla pacjenta:\u00a0<\/strong><\/p>\r\n<p><a href=\"https:\/\/rejestry.ezdrowie.gov.pl\/api\/rpl\/medicinal-products\/47248\/leaflet\">Ulotka<\/a><\/p>\r\n<hr \/>\r\n<h2>Axyven<\/h2>\r\n<p><img loading=\"lazy\" decoding=\"async\" class=\"alignnone size-medium wp-image-426\" src=\"https:\/\/exeltis.pl\/wp-content\/uploads\/2025\/05\/axyven-300x167.jpg\" alt=\"\" width=\"300\" height=\"167\" srcset=\"https:\/\/exeltis.pl\/wp-content\/uploads\/2025\/05\/axyven-300x167.jpg 300w, https:\/\/exeltis.pl\/wp-content\/uploads\/2025\/05\/axyven-1024x569.jpg 1024w, https:\/\/exeltis.pl\/wp-content\/uploads\/2025\/05\/axyven-768x427.jpg 768w, https:\/\/exeltis.pl\/wp-content\/uploads\/2025\/05\/axyven-1536x853.jpg 1536w, https:\/\/exeltis.pl\/wp-content\/uploads\/2025\/05\/axyven-2048x1138.jpg 2048w, https:\/\/exeltis.pl\/wp-content\/uploads\/2025\/05\/axyven-570x317.jpg 570w\" sizes=\"auto, (max-width: 300px) 100vw, 300px\" \/><\/p>\r\n<p>Lek przeciwdepresyjny w postaci tabletek o przed\u0142u\u017conym uwalnianiu<br \/>Lek Axyven zawiera substancj\u0119 czynnn\u0105 wenlafaksyn\u0119. Axyven jest lekiem przeciwdepresyjnym, kt\u00f3ry nale\u017cy do grupy lek\u00f3w zwanych inhibitorami zwrotnego wychwytu serotoniny i noradrenaliny (ang. SNRI).<br \/>Wskazania do stosowania<br \/>Leczenie epizod\u00f3w du\u017cej depresji.<br \/>Zapobieganie nawrotom epizod\u00f3w du\u017cej depresji. <br \/>Leczenie uog\u00f3lnionych zaburze\u0144 l\u0119kowych. <br \/>Leczenie fobii spo\u0142ecznej.<br \/>Leczenie napad\u00f3w paniki z agorafobi\u0105 lub bez agorafobii.<\/p>\r\n<p><strong>Materia\u0142y dla lekarza:<\/strong><\/p>\r\n<p><a href=\"https:\/\/rejestry.ezdrowie.gov.pl\/api\/rpl\/medicinal-products\/19025\/characteristic\">Charakterystyka produktu leczniczego<\/a><\/p>\r\n<p><strong>Materia\u0142y dla pacjenta:\u00a0<\/strong><\/p>\r\n<p><a href=\"https:\/\/rejestry.ezdrowie.gov.pl\/api\/rpl\/medicinal-products\/19025\/leaflet\">Ulotka<\/a><\/p>\r\n<hr \/>\r\n<h2>Atenza<\/h2>\r\n<p><img loading=\"lazy\" decoding=\"async\" class=\"alignnone wp-image-387 size-large\" src=\"https:\/\/exeltis.pl\/wp-content\/uploads\/2024\/11\/atenza-paki-razem-1024x322.png\" alt=\"\" width=\"1024\" height=\"322\" srcset=\"https:\/\/exeltis.pl\/wp-content\/uploads\/2024\/11\/atenza-paki-razem-1024x322.png 1024w, https:\/\/exeltis.pl\/wp-content\/uploads\/2024\/11\/atenza-paki-razem-300x94.png 300w, https:\/\/exeltis.pl\/wp-content\/uploads\/2024\/11\/atenza-paki-razem-768x241.png 768w, https:\/\/exeltis.pl\/wp-content\/uploads\/2024\/11\/atenza-paki-razem-570x179.png 570w, https:\/\/exeltis.pl\/wp-content\/uploads\/2024\/11\/atenza-paki-razem.png 1500w\" sizes=\"auto, (max-width: 1024px) 100vw, 1024px\" \/><\/p>\r\n<p>Lek Atenza zawiera metylofenidat o przed\u0142u\u017conym uwalnianiu, nale\u017c\u0105cy do grupy sympatykomimetyk\u00f3w dzia\u0142aj\u0105cych o\u015brodkowo.<br \/>Wskazaniem do stosowania Atenza jest zesp\u00f3\u0142 nadpobudliwo\u015bci psychoruchowej (ADHD).<\/p>\r\n<p>Produkt leczniczy Atenza jest wskazany do stosowania u dzieci w wieku 6 lat i starszych oraz os\u00f3b doros\u0142ych jako cz\u0119\u015b\u0107 kompleksowego programu leczenia zespo\u0142u nadpobudliwo\u015bci psychoruchowej z deficytem uwagi (ang. Attention Deficit Hyperactivity Disorder, ADHD) w przypadkach, kiedy inne sposoby post\u0119powania terapeutycznego nie s\u0105 wystarczaj\u0105co skuteczne. <br \/>Leczenie musi by\u0107 rozpocz\u0119te i nadzorowane przez lekarza maj\u0105cego do\u015bwiadczenie w leczeniu ADHD, takiego jak specjalista pediatra, psychiatra dzieci i m\u0142odzie\u017cy lub psychiatra os\u00f3b doros\u0142ych.<\/p>\r\n<p><strong>Materia\u0142y dla lekarza:<\/strong><\/p>\r\n<p><a href=\"https:\/\/rejestry.ezdrowie.gov.pl\/api\/rpl\/medicinal-products\/41244\/characteristic\">Charakterystyka produktu leczniczego<\/a><\/p>\r\n<p><strong>Materia\u0142y dla pacjenta:\u00a0<\/strong><\/p>\r\n<p><a href=\"https:\/\/rejestry.ezdrowie.gov.pl\/api\/rpl\/medicinal-products\/41244\/leaflet\">Ulotka<\/a><\/p>\r\n<hr \/>\r\n<h2>Soloxelam<\/h2>\r\n<p><img loading=\"lazy\" decoding=\"async\" class=\"wp-image-405 size-medium alignright\" src=\"https:\/\/exeltis.pl\/wp-content\/uploads\/2025\/03\/Nowosc_rejestracja-powyzej-18-r.z-300x169.jpg\" alt=\"\" width=\"300\" height=\"169\" srcset=\"https:\/\/exeltis.pl\/wp-content\/uploads\/2025\/03\/Nowosc_rejestracja-powyzej-18-r.z-300x169.jpg 300w, https:\/\/exeltis.pl\/wp-content\/uploads\/2025\/03\/Nowosc_rejestracja-powyzej-18-r.z-570x321.jpg 570w, https:\/\/exeltis.pl\/wp-content\/uploads\/2025\/03\/Nowosc_rejestracja-powyzej-18-r.z-528x297.jpg 528w, https:\/\/exeltis.pl\/wp-content\/uploads\/2025\/03\/Nowosc_rejestracja-powyzej-18-r.z.jpg 630w\" sizes=\"auto, (max-width: 300px) 100vw, 300px\" \/><\/p>\r\n<p><img loading=\"lazy\" decoding=\"async\" class=\"alignnone  wp-image-176\" src=\"https:\/\/exeltis.pl\/wp-content\/uploads\/2023\/11\/Soloxelam-1024x246.png\" alt=\"\" width=\"1024\" height=\"246\" srcset=\"https:\/\/exeltis.pl\/wp-content\/uploads\/2023\/11\/Soloxelam-1024x246.png 1024w, https:\/\/exeltis.pl\/wp-content\/uploads\/2023\/11\/Soloxelam-300x72.png 300w, https:\/\/exeltis.pl\/wp-content\/uploads\/2023\/11\/Soloxelam-768x184.png 768w, https:\/\/exeltis.pl\/wp-content\/uploads\/2023\/11\/Soloxelam-1536x369.png 1536w, https:\/\/exeltis.pl\/wp-content\/uploads\/2023\/11\/Soloxelam-2048x492.png 2048w, https:\/\/exeltis.pl\/wp-content\/uploads\/2023\/11\/Soloxelam-570x137.png 570w\" sizes=\"auto, (max-width: 1024px) 100vw, 1024px\" \/><\/p>\r\n<p>Soloxelam w postaci roztworu do stosowania w jamie ustnej, zawiera substancj\u0119 czynn\u0105 nazywan\u0105 midazolamem.<\/p>\r\n<p>Midazolam nale\u017cy do grupy lek\u00f3w znanych jako benzodiazepiny.<\/p>\r\n<p><strong>Wskazania do stosowania leku Soloxelam:<\/strong><\/p>\r\n<ul>\r\n<li><span style=\"color: darkorange;\"><strong>Leczenie przed\u0142u\u017conych, ostrych napad\u00f3w drgawkowych u niemowl\u0105t od 3 miesi\u0105ca \u017cycia, dzieci i m\u0142odzie\u017cy oraz doros\u0142ych.<\/strong><\/span><\/li>\r\n<li><strong>Produkt Soloxelam<\/strong> mog\u0105 podawa\u0107 rodzice\/opiekunowie wy\u0142\u0105cznie pacjentom, u kt\u00f3rych rozpoznano padaczk\u0119.<\/li>\r\n<li>U niemowl\u0105t w wieku 3-6 miesi\u0119cy leczenie nale\u017cy prowadzi\u0107 w szpitalu, gdzie mo\u017cliwe jest monitorowanie stanu pacjenta oraz dost\u0119pny jest sprz\u0119t do resuscytacji.<\/li>\r\n<\/ul>\r\n<p><strong>Materia\u0142y dla lekarza:<\/strong><\/p>\r\n<p><a href=\"https:\/\/exeltis.pl\/wp-content\/uploads\/2025\/03\/ARTYKUL_Dopoliczkowy-midazolam-w-leczeniu-przedluzajacych-sie-napadow-padaczkowych-u-dzieci.pdf\">ARTYKU\u0141 &#8211; Dopoliczkowy midazolam w leczeniu przed\u0142u\u017caj\u0105cych si\u0119 napad\u00f3w padaczkowych u dzieci<\/a><\/p>\r\n<p><a href=\"https:\/\/rejestry.ezdrowie.gov.pl\/api\/rpl\/medicinal-products\/47112\/characteristic\">Charakterystyka produktu leczniczego<\/a><\/p>\r\n<p><a href=\"https:\/\/exeltis.pl\/wp-content\/uploads\/2025\/03\/Soloxelam_SIL_03.2025_2.pdf\">Skr\u00f3cona informacja o leku<\/a><\/p>\r\n<p><strong>Materia\u0142y dla pacjenta:<\/strong><\/p>\r\n<p><a href=\"https:\/\/rejestry.ezdrowie.gov.pl\/api\/rpl\/medicinal-products\/47112\/leaflet\">Ulotka<\/a><\/p>\r\n<p><a href=\"https:\/\/exeltis.pl\/wp-content\/uploads\/2024\/06\/Plan-dzialania-w-przypadku-ostrych-napadow-padaczkowych.pdf\">Plan dzia\u0142ania w przypadku ostrych napad\u00f3w padaczkowych<\/a><\/p>\r\n<p>&nbsp;<\/p>\r\n<hr \/>\r\n<h2 class=\"wp-block-heading\">Atmina<\/h2>\r\n<p><img loading=\"lazy\" decoding=\"async\" class=\"alignleft wp-image-160 size-large\" src=\"https:\/\/exeltis.pl\/wp-content\/uploads\/2023\/11\/Atmina_4-6_16_C-1024x423.png\" alt=\"\" width=\"1024\" height=\"423\" srcset=\"https:\/\/exeltis.pl\/wp-content\/uploads\/2023\/11\/Atmina_4-6_16_C-1024x423.png 1024w, https:\/\/exeltis.pl\/wp-content\/uploads\/2023\/11\/Atmina_4-6_16_C-300x124.png 300w, https:\/\/exeltis.pl\/wp-content\/uploads\/2023\/11\/Atmina_4-6_16_C-768x317.png 768w, https:\/\/exeltis.pl\/wp-content\/uploads\/2023\/11\/Atmina_4-6_16_C-1536x634.png 1536w, https:\/\/exeltis.pl\/wp-content\/uploads\/2023\/11\/Atmina_4-6_16_C-2048x845.png 2048w, https:\/\/exeltis.pl\/wp-content\/uploads\/2023\/11\/Atmina_4-6_16_C-570x235.png 570w\" sizes=\"auto, (max-width: 1024px) 100vw, 1024px\" \/><\/p>\r\n<p>Atmina, 4,6 mg\/24 h, system transdermalny, plaster oraz Atmina, 9,5 mg\/24 h, system transdermalny, plastry zawieraj\u0105 substancj\u0119 czynn\u0105 rywastigmin\u0119, nale\u017c\u0105c\u0105 do grupy inhibitor\u00f3w acetylocholinesterazy.\u00a0<\/p>\r\n\r\n\r\n\r\n\r\n\r\n<p>Wskazaniem do stosowania leku Atmina jest leczenie objawowe \u0142agodnej do \u015bredniozaawansowanej postaci ot\u0119pienia typu alzheimerowskiego.<\/p>\r\n\r\n\r\n\r\n<p>Unikalny system transdermalny zastosowany w leku Atmina pozwala na stosowanie produktu 2 razy w tygodniu w por\u00f3wnaniu do innych plastr\u00f3w, kt\u00f3re przyklejane s\u0105 codziennie.<\/p>\r\n<p><strong>Materia\u0142y dla lekarza:<\/strong><\/p>\r\n<p><a href=\"https:\/\/rejestry.ezdrowie.gov.pl\/api\/rpl\/medicinal-products\/47143\/characteristic\">Charakterystyka produktu leczniczego<\/a><\/p>\r\n<p><strong>Materia\u0142y dla pacjenta:<\/strong><\/p>\r\n<p><a href=\"https:\/\/rejestry.ezdrowie.gov.pl\/api\/rpl\/medicinal-products\/47143\/leaflet\">Ulotka<\/a><\/p>\r\n<p><a href=\"https:\/\/exeltis.pl\/wp-content\/uploads\/2024\/01\/dziennik.pdf\">Materia\u0142y edukacyjne dla pacjenta \u2013 dzienniczek<\/a><\/p>\r\n<hr \/>\r\n<h2>Novabrain<\/h2>\r\n<h2><img loading=\"lazy\" decoding=\"async\" class=\"alignnone size-medium wp-image-347\" src=\"https:\/\/exeltis.pl\/wp-content\/uploads\/2024\/07\/Novabrain-300x200.png\" alt=\"\" width=\"300\" height=\"200\" srcset=\"https:\/\/exeltis.pl\/wp-content\/uploads\/2024\/07\/Novabrain-300x200.png 300w, https:\/\/exeltis.pl\/wp-content\/uploads\/2024\/07\/Novabrain-1024x683.png 1024w, https:\/\/exeltis.pl\/wp-content\/uploads\/2024\/07\/Novabrain-768x512.png 768w, https:\/\/exeltis.pl\/wp-content\/uploads\/2024\/07\/Novabrain-570x380.png 570w, https:\/\/exeltis.pl\/wp-content\/uploads\/2024\/07\/Novabrain.png 1200w\" sizes=\"auto, (max-width: 300px) 100vw, 300px\" \/><\/h2>\r\n<p>Novabrain to innowacyjny suplement diety opracowany z my\u015bl\u0105 o kompleksowym wsparciu funkcji m\u00f3zgu, szczeg\u00f3lnie dla os\u00f3b po 50. roku \u017cycia. Zawiera bogat\u0105 kompozycj\u0119 sk\u0142adnik\u00f3w, takich jak kwasy omega-3, witaminy B6 i B12, cytykolina oraz kurkuma, kt\u00f3re wspieraj\u0105 pami\u0119\u0107, koncentracj\u0119 oraz prawid\u0142owe funkcjonowanie uk\u0142adu nerwowego. Dzi\u0119ki starannie wyselekcjonowanym sk\u0142adnikom, Novabrain przyczynia si\u0119 do poprawy proces\u00f3w my\u015blowych i poznawczych, pomagaj\u0105c utrzyma\u0107 sprawno\u015b\u0107 umys\u0142ow\u0105 na najwy\u017cszym poziomie.<\/p>\r\n<p><strong>Materia\u0142y dla konsumenta:<\/strong><\/p>\r\n<p>Strona internetowa po\u015bwi\u0119cona suplementowi &#8211; <a href=\"https:\/\/novabrain.pl\/\">https:\/\/novabrain.pl\/<\/a><\/p>\r\n<p><a href=\"https:\/\/novabrain.pl\/wp-content\/uploads\/2024\/06\/Novabrain-ulotka-dla-konsumenta.pdf\">Ulotka dla konsumenta<\/a><\/p>\r\n<p><a href=\"https:\/\/novabrain.pl\/wp-content\/uploads\/2024\/06\/Novabrain_ulotka.pdf\">Informacja o produkcie<\/a><\/p>\r\n<p><a href=\"https:\/\/novabrain.pl\/wp-content\/uploads\/2024\/06\/Novabrain_informacja-o-produkcie.pdf\">Artyku\u0142 naukowy \u2013 mgr Katarzyna Szczechowiak <\/a><\/p>\r\n<hr \/>\r\n<p><!-- \/wp:post-content --><\/p>\r\n<h2>Lurobran<\/h2>\r\n<p><img loading=\"lazy\" decoding=\"async\" class=\"alignnone size-medium wp-image-435\" src=\"https:\/\/exeltis.pl\/wp-content\/uploads\/2026\/02\/Lurobran-opak-18.5-mg-front-300x215.png\" alt=\"\" width=\"300\" height=\"215\" srcset=\"https:\/\/exeltis.pl\/wp-content\/uploads\/2026\/02\/Lurobran-opak-18.5-mg-front-300x215.png 300w, https:\/\/exeltis.pl\/wp-content\/uploads\/2026\/02\/Lurobran-opak-18.5-mg-front-1024x734.png 1024w, https:\/\/exeltis.pl\/wp-content\/uploads\/2026\/02\/Lurobran-opak-18.5-mg-front-768x551.png 768w, https:\/\/exeltis.pl\/wp-content\/uploads\/2026\/02\/Lurobran-opak-18.5-mg-front-1536x1101.png 1536w, https:\/\/exeltis.pl\/wp-content\/uploads\/2026\/02\/Lurobran-opak-18.5-mg-front-2048x1468.png 2048w, https:\/\/exeltis.pl\/wp-content\/uploads\/2026\/02\/Lurobran-opak-18.5-mg-front-570x409.png 570w\" sizes=\"auto, (max-width: 300px) 100vw, 300px\" \/> <img loading=\"lazy\" decoding=\"async\" class=\"alignnone size-medium wp-image-436\" src=\"https:\/\/exeltis.pl\/wp-content\/uploads\/2026\/02\/Lurobran-opak-37-mg-front-300x214.png\" alt=\"\" width=\"300\" height=\"214\" srcset=\"https:\/\/exeltis.pl\/wp-content\/uploads\/2026\/02\/Lurobran-opak-37-mg-front-300x214.png 300w, https:\/\/exeltis.pl\/wp-content\/uploads\/2026\/02\/Lurobran-opak-37-mg-front-1024x730.png 1024w, https:\/\/exeltis.pl\/wp-content\/uploads\/2026\/02\/Lurobran-opak-37-mg-front-768x548.png 768w, https:\/\/exeltis.pl\/wp-content\/uploads\/2026\/02\/Lurobran-opak-37-mg-front-1536x1095.png 1536w, https:\/\/exeltis.pl\/wp-content\/uploads\/2026\/02\/Lurobran-opak-37-mg-front-2048x1460.png 2048w, https:\/\/exeltis.pl\/wp-content\/uploads\/2026\/02\/Lurobran-opak-37-mg-front-570x406.png 570w\" sizes=\"auto, (max-width: 300px) 100vw, 300px\" \/> <img loading=\"lazy\" decoding=\"async\" class=\"alignnone size-medium wp-image-437\" src=\"https:\/\/exeltis.pl\/wp-content\/uploads\/2026\/02\/Lurobran-opak-74-mg-front-300x215.png\" alt=\"\" width=\"300\" height=\"215\" srcset=\"https:\/\/exeltis.pl\/wp-content\/uploads\/2026\/02\/Lurobran-opak-74-mg-front-300x215.png 300w, https:\/\/exeltis.pl\/wp-content\/uploads\/2026\/02\/Lurobran-opak-74-mg-front-1024x734.png 1024w, https:\/\/exeltis.pl\/wp-content\/uploads\/2026\/02\/Lurobran-opak-74-mg-front-768x550.png 768w, https:\/\/exeltis.pl\/wp-content\/uploads\/2026\/02\/Lurobran-opak-74-mg-front-1536x1101.png 1536w, https:\/\/exeltis.pl\/wp-content\/uploads\/2026\/02\/Lurobran-opak-74-mg-front-2048x1468.png 2048w, https:\/\/exeltis.pl\/wp-content\/uploads\/2026\/02\/Lurobran-opak-74-mg-front-570x409.png 570w\" sizes=\"auto, (max-width: 300px) 100vw, 300px\" \/><\/p>\r\n<p>Produkt leczniczy Lurobran, tabletki powlekane, zawiera substancj\u0119 czynn\u0105 lurazydon (w postaci lurazydonu chlorowodorku).<br \/>Wskazania do stosowania to leczenie schizofrenii u os\u00f3b doros\u0142ych oraz m\u0142odzie\u017cy w wieku 13 lat i starszej.<br \/>Spos\u00f3b podawania:<br \/>\u2022 Doustnie, raz na dob\u0119, z posi\u0142kiem.<br \/>\u2022 Przyjmowanie z jedzeniem jest istotne, poniewa\u017c zwi\u0119ksza wch\u0142anianie lurazydonu.<br \/>\u2022 Tabletki nale\u017cy po\u0142yka\u0107 w ca\u0142o\u015bci, najlepiej o sta\u0142ej porze dnia.<\/p>\r\n<p><strong>Materia\u0142y dla lekarza:<\/strong><\/p>\r\n<p><a href=\"https:\/\/rejestry.ezdrowie.gov.pl\/api\/rpl\/medicinal-products\/50586\/characteristic\">Charakterystyka produktu leczniczego<\/a><\/p>\r\n<p><strong>Materia\u0142y dla pacjenta:<\/strong><\/p>\r\n<p><a href=\"https:\/\/rejestry.ezdrowie.gov.pl\/api\/rpl\/medicinal-products\/50586\/leaflet\">Ulotka<\/a><\/p>\r\n<hr \/>\r\n<p><a href=\"https:\/\/exeltis.pl\/wp-content\/uploads\/2024\/10\/Karta-Produktu_Exeltis_SIL.pdf\">Skr\u00f3cona Informacja o Lekach<\/a><\/p>","protected":false},"excerpt":{"rendered":"<p>Lynagex XR Produkt leczniczy Lynagex XR jest\u00a0wskazany w leczeniu b\u00f3lu neuropatycznego pochodzenia obwodowego i o\u015brodkowego u pacjent\u00f3w doros\u0142ych. Dawkowanie Dawka wynosi od 165 mg do 660 mg na dob\u0119, podawana raz na dob\u0119 po wieczornym posi\u0142ku. Materia\u0142y dla lekarza: Charakterystyka produktu leczniczego Materia\u0142y dla pacjenta:\u00a0 Ulotka Axyven Lek przeciwdepresyjny w postaci tabletek o przed\u0142u\u017conym uwalnianiuLek [&hellip;]<\/p>\n","protected":false},"author":1,"featured_media":0,"parent":0,"menu_order":0,"comment_status":"closed","ping_status":"closed","template":"","meta":{"footnotes":""},"class_list":["post-56","page","type-page","status-publish","czr-hentry"],"_links":{"self":[{"href":"https:\/\/exeltis.pl\/index.php\/wp-json\/wp\/v2\/pages\/56","targetHints":{"allow":["GET"]}}],"collection":[{"href":"https:\/\/exeltis.pl\/index.php\/wp-json\/wp\/v2\/pages"}],"about":[{"href":"https:\/\/exeltis.pl\/index.php\/wp-json\/wp\/v2\/types\/page"}],"author":[{"embeddable":true,"href":"https:\/\/exeltis.pl\/index.php\/wp-json\/wp\/v2\/users\/1"}],"replies":[{"embeddable":true,"href":"https:\/\/exeltis.pl\/index.php\/wp-json\/wp\/v2\/comments?post=56"}],"version-history":[{"count":53,"href":"https:\/\/exeltis.pl\/index.php\/wp-json\/wp\/v2\/pages\/56\/revisions"}],"predecessor-version":[{"id":440,"href":"https:\/\/exeltis.pl\/index.php\/wp-json\/wp\/v2\/pages\/56\/revisions\/440"}],"wp:attachment":[{"href":"https:\/\/exeltis.pl\/index.php\/wp-json\/wp\/v2\/media?parent=56"}],"curies":[{"name":"wp","href":"https:\/\/api.w.org\/{rel}","templated":true}]}}